est common divisor of c and j.
19
Suppose 8*d = 4*d + 36. Suppose -d*h + 80 = -7*h. Calculate the greatest common divisor of 8 and h.
8
Let r(z) = -57*z - 338. Let j be r(-6). Let x(c) = c**3 + 6*c**2 - 2*c. Let m be x(-6). Calculate the highest common factor of m and j.
4
Suppose 0 = 5*n + 2*b - 658 + 142, n + 5*b = 94. What is the highest common factor of n and 13?
13
Suppose -3*u = -0*u - 9. Let j = 9 - u. Let t = -37 + 61. What is the highest common divisor of t and j?
6
Suppose 0*p - 5*p + 64 = o, 3*p + 348 = 4*o. What is the highest common factor of o and 28?
28
Let a be 1/((-2)/(-20)*2). Suppose -4*n + 2*p = -2, -p + a = -n + 4. Calculate the greatest common divisor of n and 5.
1
Let c = 18 + -14. Calculate the highest common factor of c and 8.
4
Suppose -z = w - 13, -2*z + 0 = 3*w - 36. What is the greatest common factor of 2 and w?
2
Suppose -5*i + 57 = d, 0 = 5*i + 4*d - 6*d - 66. What is the greatest common divisor of 108 and i?
12
Let k(n) = -45*n - 4. Let f be k(-4). What is the highest common factor of f and 16?
16
Suppose -2*j + 3*j = 0. Suppose -5*m - 5 = -j*m. Let r = m - -4. Calculate the greatest common factor of r and 9.
3
Let n = 49 + -31. Calculate the greatest common divisor of n and 12.
6
Suppose -g + 7 = -6. Let i be (0 - 2)/(1*-1). Let s be 362/4 - i/(-4). What is the highest common divisor of s and g?
13
Let y be 163/6 + (-3)/18. What is the highest common factor of y and 9?
9
Suppose -3*w = -60 - 12. Suppose -q - 3*q = -w. Calculate the greatest common divisor of 2 and q.
2
Let b(h) = h**3 + 3*h**2 + 3*h - 7. Let q be b(-5). Let d be q/(-4) - (-1 + 1). What is the greatest common divisor of 45 and d?
9
Suppose -y - y = -484. What is the greatest common factor of 22 and y?
22
Let c be (-4 + 1 - 8)*-5. Calculate the greatest common divisor of 11 and c.
11
Let z = 1 + 3. Suppose -3*k + 48 = 4*d, -64 = -z*k + d + 2*d. Let q = k - 10. What is the highest common factor of 24 and q?
6
Suppose -5*p + 2*p = 0. Suppose p*s - 45 = -5*s. What is the highest common divisor of 9 and s?
9
Let m(z) = 53*z - 2. Let b be m(5). Let u = b - 164. Let i = 17 - 6. What is the highest common divisor of u and i?
11
Suppose -v = -t + 61, t + v - 67 = -0*t. What is the greatest common divisor of t and 8?
8
Let n be 2 - ((0 - -3) + 10). Let f(p) = 2*p. Let d(v) = -v. Let b(a) = n*d(a) - 4*f(a). Let h be b(5). Calculate the highest common factor of h and 105.
15
Let l(b) = b**2 + 6*b - 1. Let w be l(-5). Let r be (-508)/w - 1/(-3). Suppose 7*m - 2*m = r. Calculate the greatest common factor of m and 102.
17
Suppose -2 = i, 1 = -4*c + 4*i - 7. Let d be c/10 - (-1104)/10. What is the greatest common factor of 44 and d?
22
Let c be (-36)/10*(-3 + -2). Let j be (-9)/45 - (-92)/10. Calculate the highest common divisor of c and j.
9
Let a be 6/(-8) + 210/24. What is the highest common divisor of a and 20?
4
Let l = -191 - -376. What is the greatest common divisor of 74 and l?
37
Suppose 0 = 7*i - 3*i - 16, 0 = k + 2*i - 16. Calculate the highest common factor of 24 and k.
8
Suppose -u - 5*x = 1, -4*x - 73 + 5 = -4*u. Let o(i) = 7*i**2 + 3*i + 2. Let h be o(-3). Calculate the highest common factor of u and h.
14
Suppose 3*c + 2 = -2*t, -4 = -3*t + 4*t. Suppose -z + 30 = c*z. Calculate the greatest common divisor of 10 and z.
10
Let k(x) = x**2 - 1. Let p be k(4). Let t = 7 + -4. Suppose h - a - 7 = t, -5*a = -4*h + 35. Calculate the highest common factor of h and p.
15
Suppose -j = 4 + 6. Let z = 8 - j. Suppose -5*m = -112 - z. What is the greatest common divisor of 65 and m?
13
Let x = 3 - -3. Suppose -2*z - 16 = -x*z. Suppose -2*g + 4*j + z = 0, g + 4*g = j + 19. What is the highest common divisor of 6 and g?
2
Suppose 3*k + 9 = 0, 5*y - 6*y + k = -15. Let t be (y/(-9)*-3)/2. Let m be (-87)/(-6) + t/4. Calculate the greatest common divisor of m and 6.
3
Let d = 59 - 41. Let u be (-6)/33 + (-96)/(-44). Let m = u - -16. What is the greatest common divisor of d and m?
18
Let y be 21/4 - (-4)/(-16). Suppose y*v = 3*z + 24, -2*v - 5*z + 3*z = 0. Suppose v*t - 83 = 37. What is the highest common factor of 10 and t?
10
Suppose 2*x - 96 = -4*p - x, 2*p + 2*x = 50. Let i(q) = 18*q + 6. Let o be i(9). What is the highest common factor of o and p?
21
Let y be 19 - (4 - 7)/3. What is the highest common factor of y and 140?
20
Suppose -141 = -2*v + 27. What is the highest common divisor of 56 and v?
28
Let r(f) = 2*f + 3 - f - 2*f. Let w be r(0). Let z be w/(-4)*(-6 + 2). Calculate the greatest common divisor of z and 21.
3
Let g = 169 - 7. Suppose -2*x + 6*x - 5*i = 92, -3*x = -4*i - 70. What is the highest common factor of x and g?
18
Suppose i - 15 = -3*w + 3*i, w + 4*i + 9 = 0. Let d(z) = 3*z**2 + 3*z + 6. Let k be d(-2). What is the greatest common factor of k and w?
3
Let h = -15 - -48. Suppose 45 + 30 = 5*g. Suppose 6*m - g = m. Calculate the greatest common factor of h and m.
3
Let o(f) = -f**3 + 11*f**2 - 13*f - 1. Let r be o(10). Let b be 1/(-2) + r/(-2). Let d be 0 - 1 - 83*-2. What is the highest common divisor of b and d?
15
Suppose 35 = -3*j + 8*j - 5*n, 5*j = -4*n + 44. Let h = 9 + j. Suppose -2*g + 340 = 3*g. What is the highest common factor of h and g?
17
Suppose 0 = 3*d - 4*c - 416, 2*c = 2*d - 2*c - 272. Let p = 7 + -5. Suppose -y = p*y - d. Calculate the greatest common divisor of y and 12.
12
Suppose -5*o + 0*b + 13 = 2*b, 5*o = 2*b - 3. Calculate the highest common divisor of o and 1.
1
Suppose s - 4*u + 10 = -0*s, -4*s - 4*u + 20 = 0. What is the highest common factor of 5 and s?
1
Let r = -6 - -8. Let i be -4 - 0 - (-1 + -19). What is the greatest common factor of i and r?
2
Let g = -46 - -59. Calculate the highest common divisor of 13 and g.
13
Suppose 4*k - 3*v = -5*v + 978, 0 = -5*k - 5*v + 1235. Let q be -2 + (-6)/(-4)*16. Calculate the highest common divisor of k and q.
22
Let l be (-15)/(2*(-3)/24). What is the highest common factor of 90 and l?
30
Let q = -22 - -37. Let z = -10 + 25. What is the greatest common divisor of q and z?
15
Let c(l) = -l**2 - l + 64. Let u be c(0). Calculate the greatest common factor of 96 and u.
32
Let x(g) = 38*g - 14. Let y be x(5). Calculate the greatest common factor of 16 and y.
16
Suppose 2*i - 15 = -i. Suppose -4*k + 5*p = -129, -i*k = -2*p - 57 - 83. Suppose 3*f = f + k. What is the highest common divisor of 13 and f?
13
Let f = -60 - -63. Calculate the greatest common divisor of 57 and f.
3
Let h = -16 - 76. Let m = 156 + h. Suppose 2*q = -0 + m. Calculate the greatest common factor of q and 16.
16
Let v = -11 + 15. Suppose 4*b = -4*n + 212, 5*b + 2*n = v*n + 293. Calculate the greatest common factor of b and 19.
19
Let v = 32 + 21. Suppose q = -5, -o - q + v = -6*q. Calculate the highest common divisor of o and 42.
14
Suppose -5*m = n + 3, 5*m + 3 + 2 = 0. Suppose -r + n = -29. What is the highest common divisor of r and 31?
31
Let y(x) = x**3 - 5*x**2 - 4*x + 2. Let g be y(4). Let a = -19 - g. Suppose 0 = 3*l - 2*l - 121. What is the highest common divisor of l and a?
11
Suppose -4*u = -2*u - 26. Let i be 156/7 + (-6)/21. Suppose i = 5*o - u. What is the greatest common factor of o and 49?
7
Suppose 2*i + i = -p + 9, 4*i = p - 16. Calculate the highest common divisor of 3 and p.
3
Let g(j) = 2*j**3 + 2*j**2 + 4*j - 3. Let l be g(3). What is the greatest common divisor of 9 and l?
9
Let t = -36 - -63. Calculate the greatest common factor of 189 and t.
27
Suppose -2*p - 5 = 5. Let u(b) = 2*b - b**2 + 0*b + 3 + 2*b**2. Let o be u(p). Calculate the greatest common divisor of o and 2.
2
Suppose 0 = 4*y - 13 - 99. Let z = 24 + -10. Calculate the highest common factor of y and z.
14
Suppose n - 2*b = -0*b - 7, -n - b + 8 = 0. Calculate the highest common factor of n and 5.
1
Let a be 756/(-6)*(-1 + 0). Calculate the greatest common divisor of a and 14.
14
Let v(z) = -1 + z + 1. Let m be v(0). Suppose -4*f - 5*p = -m*f - 99, 4*p = -4. What is the highest common factor of f and 65?
13
Let o(p) = -4*p - 25. Let q be o(-8). Calculate the highest common divisor of 1 and q.
1
Suppose 2*x + g - 246 = -0*x, -4*x + 516 = -4*g. What is the highest common factor of x and 25?
25
Let j(s) = 3*s**2 - 6*s + 26. Let b be j(8). Calculate the greatest common divisor of 68 and b.
34
Suppose 3*d + 3*h - 12 = 33, 